ose h = 3 + j. Calculate the highest common factor of 10 and h.
10
Let o(f) = -f - 13. Let a be o(-11). Let b be (-6)/6*48/a. Calculate the greatest common divisor of b and 8.
8
Let l(x) = x**3 + 11*x**2 + 10*x + 12. Suppose -8*g + 3*g = 50. Let k be l(g). What is the highest common factor of k and 8?
4
Let h(c) = -c**2 - 6*c + 1. Suppose -f = -4*d - 3, -4*d - 13 = 5*f + 20. Let v be h(f). Let s = -2 - -4. Calculate the greatest common factor of v and s.
2
Let n be 0/(-3)*5/(-20) - -45. Calculate the greatest common factor of 45 and n.
45
Let s be (-14)/(-4) + 3/(-2). Suppose -175 = -7*y + s*y. What is the highest common factor of 14 and y?
7
Let n(a) = -a**3 - 5*a**2 - 2*a - 5. Let s be n(-5). Suppose -s*y + 4*y = -16. Calculate the greatest common factor of y and 8.
8
Let t(g) = -5*g**2 + g + 17 + 4*g**2 + g**3 + 0*g**2. Let c be t(0). Calculate the highest common divisor of 187 and c.
17
Let x(s) = -10*s - 2. Suppose -3*k - 6 = 3. Let o be x(k). Suppose 4*z - 20 = 0, -m + 5*z + 10 = -35. What is the highest common divisor of m and o?
14
Let n be (-4 - -3)*(-27 + 1). What is the greatest common divisor of n and 39?
13
Let u be 2/(-4) - (-9)/2. Suppose u*n - 144 = 36. Suppose -90 = -5*m + 4*f, 0*m + m - f - 18 = 0. What is the greatest common factor of m and n?
9
Let m(n) = n**3 - 2*n**2 - 7. Let l be m(3). Let c be -2 - 3/((-9)/(-30)). Let u be 8/c - (-8)/3. Calculate the highest common divisor of u and l.
2
Let q = 13 - 10. Calculate the highest common divisor of q and 3.
3
Let z(g) = -g**2 - g + 10. Suppose 2*v = v + 2. Suppose 0 = -v*a - 0*a. Let r be z(a). Calculate the highest common divisor of 4 and r.
2
Suppose 2*d = 4*d - 8. Calculate the greatest common factor of 20 and d.
4
Suppose -5*h + 237 = 3*f, -3*h + 95 = -h + f. Let d = -26 + 50. What is the highest common divisor of h and d?
24
Let y(u) = u. Let o be y(10). What is the greatest common divisor of 10 and o?
10
Let l = 14 - -19. Let b(s) = -s + 10. Let f be b(7). What is the highest common divisor of f and l?
3
Let l(f) = 17*f - 10 - f**3 - 7*f**2 + 2*f**3 - 23*f. Let m be l(8). Calculate the highest common divisor of m and 54.
6
Let a be 2/(-3) + 77/3. Let x be (-18)/(-48) + (-2794)/(-16). Calculate the greatest common factor of a and x.
25
Suppose 4*g - 190 + 15 = 3*k, 2*k + 130 = 3*g. Calculate the highest common factor of g and 8.
8
Let k = -434 + 727. Let s(n) = 2*n**3 + n. Let t be s(1). Suppose -t*d + k = -3*r + r, 89 = d - 5*r. Calculate the highest common divisor of d and 9.
9
Let p be ((-6)/15)/(1/60). Let h = -14 - p. What is the highest common divisor of h and 25?
5
Suppose f + 28 - 10 = -4*k, -4*f = k - 3. Calculate the highest common divisor of 20 and f.
2
Let t = 20 - 3. Calculate the greatest common divisor of t and 153.
17
Suppose 0 = -4*t - t + 35. Calculate the highest common factor of t and 77.
7
Suppose 25 = 5*l, -4*l - 8 = -n + 2. Calculate the greatest common factor of 30 and n.
30
Suppose -2*g + 33 + 39 = 0. Suppose 4*i - 101 = -5. What is the highest common factor of g and i?
12
Let p = 56 - 50. Calculate the greatest common factor of p and 54.
6
Let p be 153 - (3 + 9/(-3)). Let y = 34 - 17. Calculate the greatest common divisor of y and p.
17
Let w(n) = 5*n + 3. Suppose 4*p + 3*r - 39 = 0, r + 3*r - 20 = 0. Suppose p*x = 2*x + 24. Let u be w(x). Calculate the greatest common factor of 22 and u.
11
Suppose 4*t = 9*t + 5. Let n = t - -22. Calculate the highest common divisor of n and 147.
21
Let w(p) = -3*p**2 - p**3 + 2 - p**2 + 5*p + 3. Let y be w(-5). Suppose 10*s = 9*s + 5. What is the greatest common factor of s and y?
5
Let v be 918/(-4) - (-9)/6. Let s = v + 381. What is the highest common divisor of 17 and s?
17
Let f(m) = m**2 - 3 - 4*m - 5*m + 4*m + 0*m. Let k be 6/4*(-6 - -2). Let i be f(k). What is the highest common divisor of 7 and i?
7
Let u(w) = -w**3 + 12*w**2 + 2*w - 14. Suppose 5*l = 3*g + 77 - 5, l = -5*g - 8. Let z be u(l). Calculate the highest common factor of z and 20.
10
Suppose 84 = 5*j + 3*r, r = 3*j - 8*j + 78. Let m be (6/(-8))/(4/(-16)). Suppose 0*l - 495 = -m*l. What is the greatest common factor of l and j?
15
Let i = 212 + -20. Calculate the highest common divisor of i and 24.
24
Suppose 0 = -5*k - 275 + 5. Let i = k + 84. Let s be ((-6)/(-4))/((-3)/(-30)). What is the greatest common factor of s and i?
15
Suppose 6*l - 2*l - 48 = 5*b, 0 = 5*l + 4*b - 60. Calculate the greatest common factor of l and 108.
12
Let v be (-3)/(-1) + -1 + -1. Let p = 13 + -20. Let j = p + 12. What is the highest common divisor of j and v?
1
Let q(d) = d**3 + 6*d**2 + 8. Let k be q(-6). Suppose -2*a + 180 = -2*y, 0*y - y = -5*a + 442. Calculate the greatest common factor of k and a.
8
Let n be 108/8 + 3/2. Calculate the highest common divisor of n and 60.
15
Let c = -9 - -33. Suppose -2*a = -3*a + 36. What is the greatest common divisor of c and a?
12
Suppose -5*u + 61 = -3*m, -m = 4*u - u - 3. Let v be m/4*(-10)/3. What is the highest common factor of v and 80?
10
Let c be (0 - -1)/((-3)/(-87)). Calculate the greatest common divisor of 203 and c.
29
Suppose -l - 5*d = 9 + 13, -5*d = 3*l + 106. Let g = 34 - l. Calculate the highest common divisor of 19 and g.
19
Suppose 5*k = 2*k + 84. Calculate the highest common factor of 70 and k.
14
Let r = 12 - 9. Suppose -r*m = -4*m + 56. Let v(l) = l**3 + l**2 - 4*l + 3. Let b be v(2). Calculate the highest common divisor of b and m.
7
Let w(z) = z**3 + 17*z**2 + 16*z - 4. Let y be w(-16). Let n be (18/y)/((-6)/8). Let g = 71 + -17. What is the greatest common divisor of g and n?
6
Let h = 37 + -15. Calculate the greatest common divisor of 11 and h.
11
Let s = -11 - 7. Let r = s - -63. Suppose -5*c = 5*f - r, -4*f + 4*c = -14 + 2. Calculate the highest common factor of 6 and f.
6
Let n = -5 - -8. Suppose 72 = 3*w - 0. Calculate the highest common divisor of w and n.
3
Suppose 79 - 12 = r. Let z be r/4 - 5/(-20). Calculate the highest common factor of 17 and z.
17
Let v = 72 - 7. Let l = 17 + 9. Calculate the highest common factor of l and v.
13
Let m be ((-12)/7)/((-6)/21). What is the highest common divisor of 60 and m?
6
Let j be 64 + -1 - (0 - 3). Calculate the highest common factor of j and 6.
6
Let c be (-16 + -4)/((-2)/12). Suppose 3*z = -z - c. Let m = 70 + z. Calculate the highest common divisor of m and 5.
5
Let k = -95 - -150. What is the greatest common divisor of k and 22?
11
Let z be (-2)/((-4)/(-14))*-1. Let c = -97 + 153. Calculate the greatest common factor of z and c.
7
Suppose -3*t = -4*b - 35, 5*t - 9 - 11 = -b. Suppose 93*n = 90*n + 15. Calculate the highest common factor of n and t.
5
Let c(z) = -2*z - 6. Let b be c(-6). Let o(l) = l**3 - 3*l**2 - 6*l + 6. Let w be o(4). Let x be (-12)/w*3/6. What is the greatest common factor of x and b?
3
Suppose 6*z - 250 - 170 = 0. What is the highest common factor of z and 10?
10
Let d = 2 - 3. Suppose 2*c - 21 = -c. Let r = c - d. What is the highest common divisor of r and 2?
2
Let m be (-10)/(2 - 69/33). Suppose 0 = 2*n - 1 - 7. Suppose 0 = -n*z + 20 + 20. Calculate the highest common divisor of z and m.
10
Suppose -7 = 2*h - 1. Let j be (33/(-6))/(h/42). Calculate the greatest common factor of 7 and j.
7
Let d = -10 - -12. Suppose -2*p + 66 = p + d*c, 0 = -3*c + 9. Let n(k) = k**3 + 6*k**2 + 3*k. Let i be n(-5). What is the greatest common divisor of p and i?
10
Let a(p) = -11*p + 7. Let l be a(-3). What is the greatest common factor of l and 20?
20
Let r = -96 + 156. Suppose -3*l + 33 = 4*j, 11 + 43 = 3*l - 3*j. Calculate the highest common factor of l and r.
15
Suppose -4*n + 4*a = 30 - 98, 0 = -3*n - 4*a + 37. Let l be 20*(0 + 6/n). Calculate the greatest common factor of l and 40.
8
Suppose -4*r - 55 = -w, 2*w + 2*r = 7*r + 95. Suppose -4*n + 13 + w = 0. Let a be (-61)/(-6) + (-2)/n. What is the highest common factor of 2 and a?
2
Let b(m) = -m**2 - 10*m - 3. Let h be b(-9). What is the highest common divisor of 30 and h?
6
Suppose 2*a - 4*u - 36 = 0, 3*a + a - u = 44. Calculate the greatest common factor of a and 110.
10
Suppose x - 2*x = -4. What is the greatest common factor of x and 2?
2
Suppose 3*o - 3*x = 2*x + 16, -3*o + 25 = 4*x. Let q be (-68)/(-20) + 2/(-5). Let f be (-1 - -57)*(q - 2). What is the greatest common divisor